1
In base 13, what is 244 + -441a1?
-43c5a
In base 12, what is -3 + -456039?
-456040
In base 10, what is 46425 + -1227?
45198
In base 13, what is -5 + 5581a1a?
5581a15
In base 16, what is -2 - -385e6d?
385e6b
In base 7, what is 0 + -125262106?
-125262106
In base 6, what is -101431 - 110?
-101541
In base 10, what is 31 - 218577?
-218546
In base 7, what is -2 - 4030332?
-4030334
In base 14, what is b1 - ad9a?
-acc9
In base 14, what is -29a + -2072c9?
-207585
In base 5, what is 1 - 331423423111?
-331423423110
In base 5, what is -2041012 - 1440442?
-4032004
In base 16, what is -3bed - -15da?
-2613
In base 6, what is 235 + 2230004?
2230243
In base 11, what is 3 - -135a5292?
135a5295
In base 10, what is -1 - 111200560?
-111200561
In base 13, what is -57 + -831c32?
-831c89
In base 9, what is 16 - 1718278?
-1718262
In base 11, what is -16808 - -10328?
-6490
In base 3, what is 202101111110 - 212122?
202100121211
In base 16, what is -2fe88a9a - 1?
-2fe88a9b
In base 5, what is 2044 + -2414034?
-2411440
In base 3, what is 22220122 + 121210?
100112102
In base 12, what is -909928 + -3?
-90992b
In base 12, what is 1112a + -2863?
a487
In base 11, what is -72720 - -37?
-72694
In base 13, what is 5 - 1056c132?
-1056c12a
In base 5, what is 3433 + 4112141?
4121124
In base 13, what is -39a30 + 222?
-3980b
In base 3, what is 12210121 + -102111111112?
-102021200221
In base 12, what is -1641b - -1223?
-151b8
In base 4, what is 11310 - -3031123?
3103033
In base 13, what is 39 + -6aa17?
-6a9ab
In base 11, what is -7 - -1a601509?
1a601502
In base 7, what is 14352 - -6443?
24125
In base 11, what is -16 + -31a881?
-31a897
In base 4, what is -13300002132 + 10313?
-13233331213
In base 15, what is -96 - -27a704?
27a65d
In base 16, what is 22 + 15a58?
15a7a
In base 4, what is 3 + 22103033130101?
22103033130110
In base 3, what is -1220020 - 1202012020?
-1211002110
In base 12, what is -bbb13 + 660?
-bb473
In base 15, what is 83 - -3d14?
3d97
In base 3, what is -22 + 22110010100011?
22110010022212
In base 7, what is -31405425 + 11?
-31405414
In base 8, what is 4 - 16446474?
-16446470
In base 14, what is 19 - -2cc006?
2cc021
In base 14, what is 81 - dd7?
-d56
In base 15, what is -b + -97c28?
-97c34
In base 10, what is 202999 + 658?
203657
In base 13, what is 7 + 13099b59?
13099b63
In base 7, what is 2005116 + 431?
2005550
In base 2, what is 10101111001000101101100100 - 10?
10101111001000101101100010
In base 16, what is 5e3b9 - -2?
5e3bb
In base 7, what is 15111315625 - -1?
15111315626
In base 16, what is -3936efe - -1?
-3936efd
In base 2, what is -1001111011101110001111111 - -1?
-1001111011101110001111110
In base 5, what is -10 - -4431002143?
4431002133
In base 4, what is 1 + -22112303021300?
-22112303021233
In base 11, what is -17a03a398 - 1?
-17a03a399
In base 11, what is -16 + 451a105?
451a09a
In base 14, what is 5 - -1d6bba26?
1d6bba2b
In base 14, what is 46 + 27ca0?
27d06
In base 5, what is 2333421 - -3013?
2341434
In base 10, what is 15294392 + -6?
15294386
In base 2, what is 1111111 - -10011010011001011111?
10011010011011011110
In base 8, what is 25411527 - 25?
25411502
In base 10, what is -4 + 2880223?
2880219
In base 13, what is -65b4 - -1702?
-4bb2
In base 6, what is 100324 + 44414?
145142
In base 15, what is -563 + -5d3c2?
-5d935
In base 9, what is -5 + -32007635?
-32007641
In base 5, what is 1103242 + -323340?
224402
In base 14, what is 1 - -8da1494?
8da1495
In base 13, what is 333b - 6?
3335
In base 8, what is -3 + -57631541?
-57631544
In base 5, what is -1243011 - -10?
-1243001
In base 16, what is b80 + 435?
fb5
In base 13, what is 1220c74 + 3?
1220c77
In base 5, what is 1 + -2411120010?
-2411120004
In base 10, what is -55 - -580224?
580169
In base 10, what is 491 + -16339?
-15848
In base 13, what is -393 + -64ab?
-6871
In base 11, what is 67 + 1908799?
1908855
In base 9, what is -20515370 + 0?
-20515370
In base 14, what is -251846d + 5?
-2518468
In base 13, what is 5 - 166929b6?
-166929b1
In base 5, what is 144 - -13040423?
13041122
In base 11, what is -19729 - 48?
-19776
In base 16, what is 5 + 184a9f?
184aa4
In base 12, what is 1401 - -7833?
9034
In base 7, what is -434446 + 4106?
-430340
In base 4, what is 13 + -211203323?
-211203310
In base 5, what is -144 - -1144142140?
1144141441
In base 14, what is -1ca + 706c1?
704d5
In base 3, what is 11200201121200 + -2022?
11200201112101
In base 8, what is -3 - 14522621?
-14522624
In base 13, what is 352 + c188?
c50a
In base 2, what is -1100001000000101101100000 + 0?
-1100001000000101101100000
In base 9, what is -6 + -183873606?
-183873613
In base 15, what is -16 - c64596?
-c645ac
In base 6, what is 1505321 - 12?
1505305
In base 14, what is 56 - 6bc227?
-6bc1b1
In base 2, what is -110111101000100011000 - 1010?
-110111101000100100010
In base 3, what is 220200120 - -11120?
220212010
In base 11, what is -432 - 24a500?
-24a932
In base 11, what is 1 - 75077945?
-75077944
In base 10, what is -449330 + 607?
-448723
In base 6, what is -2041 - -10344242?
10342201
In base 5, what is -1030 - -2034120?
2033040
In base 13, what is -b377715 - -5?
-b377710
In base 5, what is -403440101 + -1214?
-403441320
In base 13, what is -14b54318 - 2?
-14b5431a
In base 3, what is -20101211101100212 + 1?
-20101211101100211
In base 14, what is -26b - 34581?
-3480c
In base 3, what is -2101210010012 + 1211?
-2101210001101
In base 14, what is 6092 - 1b6?
5cba
In base 6, what is 224415401 - -533?
224420334
In base 10, what is 37 + 134851?
134888
In base 14, what is -20 - 125857d?
-125859d
In base 4, what is -23131 - -121212102?
121122311
In base 11, what is -a276 + -438?
-a703
In base 10, what is -364 + 36332?
35968
In base 5, what is -40401 + 30224?
-10122
In base 2, what is 10111110100111 + 10011110110?
11010010011101
In base 8, what is -353424205 + -1?
-353424206
In base 10, what is 12467 + -80858?
-68391
In base 8, what is 5 - -755044102?
755044107
In base 5, what is 110304004 + -14?
110303440
In base 11, what is 2a - 246286?
-246257
In base 6, what is -12025 + -1040232?
-1052301
In base 3, what is -2 - 10110021101?
-10110021110
In base 10, what is 85518666 + -2?
85518664
In base 15, what is -13e9c + 5128?
-dd74
In base 4, what is -10303001032 - 10?
-10303001102
In base 2, what is -10010001100 + 1110110010110110100?
1110110000100101000
In base 9, what is -1100 + -680455?
-681555
In base 5, what is -3110 + 130010?
121400
In base 13, what is -6 - 54bb63?
-54bb69
In base 3, what is 110200200 + -2111001?
101012122
In base 4, what is -1 - -111300002111?
111300002110
In base 5, what is -44041000 + -233?
-44041233
In base 3, what is -100 - 221121010102?
-221121010202
In base 5, what is -112301131144 + 2?
-112301131142
In base 5, what is -410 - 1303230044?
-1303231004
In base 13, what is -4a22 - 204?
-4c26
In base 12, what is b5 + 1943a?
19533
In base 12, what is 2 + b6185?
b6187
In base 12, what is 120b64 + -6?
120b5a
In base 10, what is 180508 + -389?
180119
In base 10, what is 653694419 + -2?
653694417
In base 8, what is -3062 + 145767?
142705
In base 14, what is -38 + 5ca76?
5ca3c
In base 7, what is 134416 - 525?
133561
In base 16, what is f03948 + 20?
f03968
In base 7, what is -1565223414 - 4?
-1565223421
In base 12, what is -78 - 81626?
-816a2
In base 4, what is 3333330322 + -12222?
3333312100
In base 3, what is -1100211101221 - -1010?
-1100211100211
In base 6, what is -14 - -122051542?
122051524
In base 4, what is 103311332223 - 2?
103311332221
In base 13, what is 15278 - -1c7?
15472
In base 2, what is 11 + -101011101110100111001001101?
-101011101110100111001001010
In base 12, what is 81 + 59547?
59608
In base 7, what is 233334 - -303?
233640
In base 7, what is -160 - 2426030?
-2426220
In base 3, what is -21211110121 + 12?
-21211110102
In base 14, what is 1dab15 + -3?
1dab12
In base 9, what is -442 + -115571?
-116123
In base 8, what is 272047 - 40?
272007
In base 6, what is 450 - -145355?
150245
In base 15, what is -e + -3122b7?
-3122c6
In base 10, what is -17 - -2579268?
2579251
In base 12, what is -1110 + -302b?
-413b
In base 9, what is -2117 + -1506?
-3624
In base 13, what is c651 + -85b?
bac3
In base 16, what is -4d846eb - -3?
-4d846e8
In base 10, what is -16474117 - -1?
-16474116
In base 7, what is 104350 + -20455?
53562
In base 7, what is 